he highest common divisor of 7248 and 454056.
24
What is the greatest common factor of 43080 and 500790?
30
Calculate the greatest common factor of 1580 and 39825796.
316
What is the greatest common divisor of 758049 and 33210?
123
Calculate the greatest common factor of 1239953 and 35893.
143
What is the highest common factor of 222183 and 648?
81
What is the greatest common divisor of 8352 and 8286228?
1044
What is the highest common factor of 663646 and 13415448?
4454
Calculate the greatest common factor of 79462475 and 25.
25
What is the highest common divisor of 2861824 and 95592?
56
Calculate the highest common divisor of 7986060 and 53820.
4140
What is the highest common factor of 50512 and 237776?
1232
Calculate the highest common divisor of 7348045 and 12280.
1535
What is the highest common divisor of 4798766 and 56?
14
What is the highest common factor of 4235781 and 5170?
517
What is the greatest common divisor of 900144 and 112784?
2128
Calculate the highest common divisor of 157317521 and 43.
43
What is the greatest common factor of 38589 and 6426084?
2031
What is the highest common factor of 816 and 781847?
17
What is the greatest common divisor of 24528854 and 63?
7
What is the greatest common divisor of 338428 and 361204?
292
What is the greatest common factor of 2525 and 19494025?
25
Calculate the highest common divisor of 2318 and 1672742.
122
Calculate the greatest common factor of 12 and 42346140.
12
Calculate the highest common divisor of 282001568 and 3182.
3182
Calculate the greatest common factor of 25163750 and 3690.
410
Calculate the highest common factor of 58004 and 1113976.
68
Calculate the greatest common factor of 886918 and 18146.
86
What is the greatest common divisor of 6950 and 1091428?
278
Calculate the highest common factor of 743085 and 9099.
3033
Calculate the greatest common divisor of 40923994 and 14.
2
What is the highest common divisor of 43684893 and 163443?
3801
What is the highest common factor of 12819371 and 227?
227
Calculate the highest common divisor of 27283134 and 451881.
6549
What is the highest common divisor of 30664 and 4871743?
3833
Calculate the greatest common divisor of 6700301 and 488.
61
Calculate the greatest common divisor of 126 and 38706318.
126
Calculate the highest common factor of 12145 and 6099219.
2429
Calculate the highest common divisor of 31482 and 2211902.
1166
What is the greatest common factor of 2695559404 and 172?
172
Calculate the greatest common factor of 10060177 and 10925.
437
What is the highest common factor of 2 and 51360550?
2
Calculate the highest common divisor of 9105 and 60.
15
What is the greatest common factor of 102393190 and 573?
191
Calculate the greatest common factor of 17171 and 623854.
77
What is the highest common factor of 642 and 270055374?
642
Calculate the highest common factor of 171513180 and 9.
9
Calculate the highest common divisor of 17405 and 2722260.
295
What is the greatest common factor of 116232328 and 488?
488
Calculate the highest common divisor of 618935876 and 52.
52
Calculate the highest common divisor of 1384 and 4776.
8
Calculate the greatest common factor of 33733862 and 370.
74
What is the greatest common divisor of 10 and 439561270?
10
Calculate the highest common factor of 120840 and 4245.
15
What is the greatest common divisor of 11676 and 600?
12
Calculate the greatest common divisor of 725942448 and 3696.
3696
What is the highest common factor of 42671 and 62551?
71
Calculate the greatest common divisor of 708280 and 872.
8
Calculate the highest common divisor of 68 and 13422571.
17
What is the greatest common factor of 2 and 56632818?
2
Calculate the greatest common factor of 2319752 and 4149.
461
Calculate the greatest common divisor of 2243596 and 206170.
106
What is the greatest common factor of 944 and 669488?
16
Calculate the greatest common divisor of 2314 and 104389346.
178
What is the greatest common factor of 87653259 and 41958?
2997
What is the greatest common divisor of 3 and 1219704?
3
Calculate the greatest common divisor of 709174292 and 1108.
1108
What is the highest common divisor of 10941112 and 9880?
1976
What is the highest common divisor of 34272621 and 5436?
1359
What is the highest common factor of 738834 and 2337?
57
What is the highest common factor of 264474 and 7035848?
4198
What is the highest common factor of 14145 and 338045?
205
What is the highest common divisor of 15428855 and 27040?
845
Calculate the greatest common divisor of 115544 and 1513889.
1313
What is the highest common divisor of 18667424 and 608?
608
Calculate the greatest common factor of 50872503 and 1221.
33
Calculate the greatest common factor of 1210 and 1188340.
10
What is the highest common factor of 1490721 and 2717?
19
What is the highest common divisor of 9142 and 4389466?
1306
What is the greatest common factor of 27136228 and 10005?
667
What is the highest common divisor of 18 and 24224562?
18
What is the highest common divisor of 329 and 10470331?
47
What is the greatest common divisor of 25 and 154689450?
25
What is the highest common divisor of 630158 and 124043?
163
What is the highest common divisor of 1216 and 1377082?
38
Calculate the highest common divisor of 53636 and 2123.
11
What is the highest common divisor of 975728 and 816?
16
What is the highest common divisor of 3420 and 1909440?
180
What is the highest common factor of 191 and 10876?
1
What is the greatest common factor of 87198203 and 1?
1
What is the highest common divisor of 142861 and 4976651?
1957
What is the greatest common factor of 200 and 105698030?
10
Calculate the greatest common divisor of 414 and 150394378.
46
Calculate the highest common divisor of 13735 and 1795399.
67
What is the greatest common factor of 439 and 35210873?
439
What is the greatest common factor of 501987 and 102?
3
Calculate the highest common factor of 1522992 and 1608.
24
Calculate the greatest common factor of 4215024 and 1152.
144
What is the highest common factor of 143 and 1655052256?
143
What is the highest common divisor of 2992 and 105072?
176
Calculate the highest common divisor of 536 and 1883047462.
134
What is the highest common factor of 15761784 and 360?
24
Calculate the highest common divisor of 28 and 73610803.
7
Calculate the greatest common factor of 4 and 8969854.
2
Calculate the highest common divisor of 9141 and 4236438.
831
Calculate the highest common divisor of 300 and 24818400.
300
What is the greatest common factor of 360367175 and 700?
175
What is the greatest common factor of 26543 and 3162170?
209
What is the highest common factor of 93336 and 972?
12
Calculate the highest common divisor of 2210 and 2920294.
442
What is the highest common factor of 20378220 and 2955?
15
What is the greatest common divisor of 169420 and 198445?
215
Calculate the greatest common factor of 2054 and 151048.
158
What is the greatest common factor of 54 and 7065030?
6
Calculate the greatest common divisor of 6591 and 1600131.
39
Calculate the greatest common factor of 395847 and 1944.
243
Calculate the greatest common divisor of 61 and 56404199.
61
Calculate the greatest common factor of 165748 and 13474559.
3767
What is the highest common factor of 29962336 and 14384?
464
Calculate the greatest common divisor of 308310041 and 13.
13
Calculate the greatest common factor of 2968299 and 27.
27
What is the highest common factor of 20 and 107517652?
4
Calculate the highest common divisor of 14061 and 436763.
109
Calculate the highest common factor of 2768 and 8337908.
692
Calculate the greatest common divisor of 5172153 and 7.
7
Calculate the highest common factor of 6306 and 1831.
1
Calculate the greatest common factor of 34884864 and 18081.
441
What is the highest common factor of 8375 and 84286?
67
Calculate the greatest common factor of 743650 and 2650.
50
Calculate the highest common factor of 30 and 172047410.
10
Calculate the greatest common divisor of 18267480 and 21.
21
What is the highest common divisor of 1132 and 90420?
4
Calculate the highest common factor of 169703138 and 66.
22
Calculate the highest common divisor of 421119 and 2282361.
5199
Calculate the greatest common factor of 10234476 and 10710.
2142
What is the highest common diviso